{"id":151,"date":"2023-01-23T15:14:42","date_gmt":"2023-01-23T15:14:42","guid":{"rendered":"https:\/\/storchennest-ru.de\/?page_id=151"},"modified":"2025-08-18T16:02:13","modified_gmt":"2025-08-18T14:02:13","slug":"geniessen","status":"publish","type":"page","link":"https:\/\/storchennest-ru.de\/?page_id=151","title":{"rendered":"Genie\u00dfen"},"content":{"rendered":"<blockquote>\r\n<p style=\"text-align: right;\">Tu deinem K\u00f6rper etwas Gutes, damit deine Seele Lust hat darin zu wohnen.<br \/>Teresa von Avila<\/p>\r\n<\/blockquote>\r\n<p>Es setzt keine schwei\u00dftreibenden Aktivit\u00e4ten voraus, um sich zu allen Tages- und Nachtzeiten in der Pfalz etwas Gutes zu g\u00f6nnen. Hier eine kleine, subjektive Auswahl:<br \/>\u2022 <a href=\"https:\/\/storchennest-ru.de\/?p=164\">Restaurants und H\u00fctten<\/a><br \/>\u2022 <a href=\"https:\/\/storchennest-ru.de\/?p=168\">Sauna und Schwimmbad<\/a><br \/>\u2022 <a href=\"https:\/\/storchennest-ru.de\/?p=546\">besondere Einkaufsm\u00f6glichkeiten<\/a><\/p>\r\n\r\n<p>&nbsp;<\/p>\r\n\r\n","protected":false},"excerpt":{"rendered":"<p>Tu deinem K\u00f6rper etwas Gutes, damit deine Seele Lust hat darin zu wohnen.Teresa von Avila Es setzt keine schwei\u00dftreibenden Aktivit\u00e4ten voraus, um sich zu allen Tages- und Nachtzeiten in der Pfalz etwas Gutes zu g\u00f6nnen. Hier eine kleine, subjektive Auswahl:\u2022 Restaurants und H\u00fctten\u2022 Sauna und Schwimmbad\u2022 besondere Einkaufsm\u00f6glichkeiten &nbsp;<\/p>\n","protected":false},"author":2,"featured_media":0,"parent":0,"menu_order":0,"comment_status":"closed","ping_status":"closed","template":"templates\/template-full-width.php","meta":{"footnotes":""},"class_list":["post-151","page","type-page","status-publish","hentry"],"_links":{"self":[{"href":"https:\/\/storchennest-ru.de\/index.php?rest_route=\/wp\/v2\/pages\/151","targetHints":{"allow":["GET"]}}],"collection":[{"href":"https:\/\/storchennest-ru.de\/index.php?rest_route=\/wp\/v2\/pages"}],"about":[{"href":"https:\/\/storchennest-ru.de\/index.php?rest_route=\/wp\/v2\/types\/page"}],"author":[{"embeddable":true,"href":"https:\/\/storchennest-ru.de\/index.php?rest_route=\/wp\/v2\/users\/2"}],"replies":[{"embeddable":true,"href":"https:\/\/storchennest-ru.de\/index.php?rest_route=%2Fwp%2Fv2%2Fcomments&post=151"}],"version-history":[{"count":12,"href":"https:\/\/storchennest-ru.de\/index.php?rest_route=\/wp\/v2\/pages\/151\/revisions"}],"predecessor-version":[{"id":596,"href":"https:\/\/storchennest-ru.de\/index.php?rest_route=\/wp\/v2\/pages\/151\/revisions\/596"}],"wp:attachment":[{"href":"https:\/\/storchennest-ru.de\/index.php?rest_route=%2Fwp%2Fv2%2Fmedia&parent=151"}],"curies":[{"name":"wp","href":"https:\/\/api.w.org\/{rel}","templated":true}]}}